 -2 + 6).
0
Calculate 4 - (1 + 2) - 1.
0
What is the value of -120 - -119 - (0 + -7 + 1)?
5
What is -5 - 3 - (3 + -24) - 7?
6
Calculate 7 - (-4 - ((9 - 5) + -12)).
3
What is (-1 - -1) + -2 - (-26 + 24)?
0
What is the value of -3 + (2 - 1) + 0 - -2?
0
Evaluate (-2 + 3 - 6) + (5 - 2).
-2
Calculate -7 + -7 + 7 + 2 + 2.
-3
Evaluate (-3 + 3 - 1) + -3 + 8.
4
Calculate (-3 - -8) + (6 - 16).
-5
What is -4 - -8 - 8 - -8?
4
What is (6 - (4 + 0 + -1)) + 0?
3
(14 - 17) + 0 + -5 - -4
-4
Evaluate (-6 + 9 + -4 - -3) + 5.
7
(14 - 17) + (1 - -7)
5
Calculate 41 + -37 + 2 + -1 + 0.
5
Evaluate 1 + (3 - (-3 - -4)) - -2.
5
What is -38 + 45 - (7 - 2)?
2
Evaluate -6 + -1 - ((-6 - -12) + -10).
-3
What is 3 - ((1 - 9) + (13 - 6))?
4
Evaluate 6 + (0 - 6 - 0).
0
What is the value of 1 - (-3 + -4 - -2 - -2)?
4
Evaluate -4 + -5 - (19 - 34).
6
Calculate -7 + 3 + 6 + 1 + -3.
0
What is -3 - -6 - (-2 + 2 + 2)?
1
Calculate 2 + (2 - (9 + -3)).
-2
Calculate 10 - (-5 - (-6 + (-13 - -6))).
2
Calculate -1 + -8 + 14 + -5 - -8.
8
3 + -1 - (-5 + 1 + 2)
4
Calculate (9 - 8) + (1 - 3) + -1.
-2
Calculate (-2 - -7) + 1 + 0.
6
What is the value of 1 - (4 + -4 + -2 + 4)?
-1
What is -4 + (-6 - (-15 + 10))?
-5
Calculate 4 + (-3 - 1) + -1 + 3.
2
What is (0 - (-2 - -5)) + 7 + -9?
-5
Calculate 13 - 5 - 9 - -1.
0
What is the value of 4 - (2 - 5 - -5)?
2
What is (2 - 3 - -4) + -3 + 3?
3
What is the value of (0 - (3 - -1)) + 7?
3
1 + -6 - ((6 - 9) + 2)
-4
What is 4 - (-2 + -1 + 4)?
3
What is the value of -5 - -10 - (-3 + 1 - 0)?
7
Evaluate -6 + 8 - (0 - -6).
-4
12 - (13 + 13 + -5)
-9
Evaluate 4 - ((6 - -8 - 7) + -3).
0
Calculate -4 + (-1 - -3) + -2.
-4
What is (2 - 2) + (-1 - -4)?
3
Evaluate -11 - ((-3 - -1) + -6).
-3
What is 2 + (3 - 1) - (1 - -8)?
-5
Evaluate -3 + (12 + -20 - -4).
-7
What is (3 - 0) + -6 + (-4 - -8)?
1
2 - (3 - (-2 - (1 + -8)))
4
What is 1 + (1 - (8 + -2))?
-4
3 + 9 + -9 + (1 - 5)
-1
Evaluate 0 + (9 - (1 + 2)) + -2.
4
Calculate -3 + 7 - (-1 - -3).
2
What is the value of 8 - (-1 - (-1 + -5))?
3
Evaluate -1 - (-3 + 3 + 0).
-1
Evaluate 1 + 0 - (6 - 1) - 0.
-4
Calculate (1 - 1) + 4 + (0 - 1).
3
Calculate 3 + -1 + 4 + -3 + 2.
5
Evaluate -1 - (3 + -5 + 0).
1
What is the value of (-5 - -4) + (3 - -1) - -1?
4
Calculate -6 + 6 + 0 + 2.
2
Calculate 5 - 4 - (-6 + 0).
7
What is the value of (-1 - -12) + (-2 - 10) + 10?
9
Evaluate -6 + 4 + 2 + 1 + 1.
2
Calculate -4 - -1 - (-4 + -1).
2
What is the value of (-1 + 0 - -3) + 56 + -62?
-4
-5 + (-3 - (2 - 3 - 4))
-3
What is the value of 3 - (-1 + -5 + 3 - -2)?
4
What is -3 + (2 - 5) + 0?
-6
What is the value of -7 - -5 - (3 + -2)?
-3
-7 + 1 - (-3 + 0 + 0)
-3
What is the value of -3 + 6 - (0 + -2)?
5
Evaluate 0 + (-4 - ((1 - 6) + 5)).
-4
Evaluate -6 + (-6 + 5 - -5) + 4.
2
Evaluate (7 - (3 - -3)) + -3.
-2
What is the value of (1 - 10) + (106 - 100)?
-3
-2 + (12 - 3) - 5 - 7
-5
-4 - (-12 + 5 - -5)
-2
What is the value of (-40 - -47) + (-3 - 12)?
-8
(0 - 7) + (1 - -3)
-3
(4 - 0 - 21) + 10
-7
(8 - 20) + (36 - 15)
9
What is the value of (10 - 4 - -2) + -13?
-5
Evaluate 4 + 5 + 1 - 14.
-4
-1 + -1 + 1 + -4 + 9
4
What is 2 - (-4 - -7 - 2) - -2?
3
(-6 + 0 - -3) + -1 - 1
-5
Evaluate 0 - (6 - 12) - 9.
-3
What is (-2 + (5 - 10) - 0) + 4?
-3
Evaluate 4 + -1 - (6 + 3 - 1).
-5
(-5 - ((5 - 2) + -8)) + -2
-2
What is the value of 2 - -1 - (-38 - -42)?
-1
What is -9 + (-5 - 2 - -11)?
-5
(-5 - 3) + 5 + -2
-5
What is 5 + 2 + -7 - -2?
2
Calculate (5 - -2) + 5 + -8.
4
What is the value of 7 - (-4 + 6) - 1?
4
What is the value of 9 - (4 - (-6 + 10))?
9
Evaluate 11 - 11 - (3 + 0 + -2).
-1
Evaluate (8 + -18 - -3) + (-6 - -4).
-9
What is 6 + -1 + (-8 - 0)?
-3
What is the value of (5 - 8) + 2 - (6 + -2)?
-5
What is the value of -2 - (-9 - 8 - -10)?
5
Calculate 0 + 5 - -2 - 6 - 1.
0
What is (5 - 14) + -1 + 9?
-1
What is the value of 4 + -2 - (-5 + -1 + 4)?
4
Evaluate -2 - (-2 - -11 - 6).
-5
0 + 0 + -8 + 5
-3
Calculate 7 + (-2 - -7) - 6.
6
What is the value of 6 + 3 - 8 - -3?
4
What is the value of -3 - (-5 + -2 + 3 + 2)?
-1
What is (4 - -7) + -11 + 3?
3
Evaluate 2 - (8 + -15 + (1 - -3)).
5
Calculate 9 - (4 + 9 + -9).
5
0 + (2 - (-4 + 9))
-3
Calculate 4 + -4 - -6 - 2 - -2.
6
Evaluate 6 - (-1 - (-10 - -4)).
1
Calculate 14 + 2 - (-1 + 16).
1
Calculate -4 + (-4 - (-11 + 2)) - -7.
8
Calculate 0 + 6 + (-8 - -5).
3
What is the value of -4 - -11 - (-1 + 0)?
8
What is the value of -57 - -53 - (-14 - (-4 + 1))?
7
What is 5 + (-4 + (-2 - -1) - -3)?
3
What is the value of 3 + 5 + (1 + -4 - 0)?
5
-2 + -1 + 4 - 3
-2
Calculate -2 + 5 + 0 + (-14 - -13).
2
(-5 - -1) + 26 + -27
-5
Calculate (-21 - -10 - -14) + 2.
5
6 + (17 - 10 - 6)
7
-3 + -1 - (-47 + 48)
-5
-12 + -15 + 10 + 12
-5
What is 0 - ((3 - -3) + -4)?
-2
5 + (7 - 3) + -13 + 7
3
What is the value of 4 + -1 - (0 - -1 - 1)?
3
What is the value of 6 + -1 + (-11 - -4)?
-2
25 + (15 - (4 - -25))
11
What is the value of 10 + -3 + (4 - 3) + -5?
3
Calculate 1 + (9 - 5 - 1).
4
What is the value of 13 + -14 + (11 - 14)?
-4
Evaluate -2 + (0 - (4 - (5 - 4))).
-5
Evaluate 3 + 6 + -12 + -4.
-7
Evaluate 7 - (9 + 8 - 7).
-3
0 + -1 - (-6 - -8)
-3
Evaluate (-7 - (-12 + 1)) + (-1 - 3).
0
-5 + (2 - -2 - -2)
1
What is the value of -2 + 1 + 6 + (0 - 7)?
-2
Evaluate 0 + 5 - 5 - 2.
-2
What is (1 - -4 - 8 - -5) + -6?
-4
What is the value of (-9 - -1) + 6 + -2?
-4
What is the value of -7 + 12 + -5 - (-1 - 0)?
1
Evaluate 4 - 11 - -8 - (3 - -1).
-3
Evaluate (-8 + 7 - -4) + -5 + 1.
-1
Calculate 1 + -5 + 1 - -2.
-1
-2 - (-11 - -4 - (5 - 2))
8
Evaluate -13 + 19 + -3 + (1 - 1).
3
Calculate 9 - (0 + (8 - 2)).
3
What is the value of (3 - -6) + -5 + -9 - -11?
6
Evaluate 5 - 3 - 8 - (16 - 31).
9
-2 + 3 + 2 + -2 + 1
2
What is 0 + (-20 + 24 - (0 + 4))?
0
What is 8 + -1 + 1 + -7?
1
Calculate -5 - (-6 - (-5 - -5)).
1
What is the value of -1 - 0 - (-37 + 27)?
9
Calculate (2 - -1) + -4 - (2 - 3).
0
Evaluate (0 - (-7 + 5)) + -2.
0
Evaluate 4 - 2 - (-2 - -2).
2
What is -3 + 1 - (-41 - -42)?
-3
What is the value of (1 - 3) + (23 - 16)?
5
What is -8 - (-1 - ((0 - -4) + -2))?
-5
Calculate (0 - -1 - 1) + (15 - 11).
4
Evaluate 2 - ((-4 - (-4 + -2)) + 0).
0
What is -1 + (1 - 2) - (12 - 10)?
-4
(-9 - -5 - (-1 + 1)) + -1
-5
-3 + (-4 - -11) + -5
-1
-68 - -61 - (-1 + -5)
-1
Calculate -12 + (6 - -3) - -5.
2
Calculate (2 - 2) + 5 + -9.
-4
Calculate 1 - (-3 - 1) - (13 - 2).
-6
8 + -16 + -6 + 8 + -1
-7
What is the value of -4 - (9 + (-6 - 10))?
3
What is the value of -1 - (-2 + 4 - 2)?
-1
-8 + (-14 - -21) - (5 + 0)
-6
What is the value of 75 - 67 - (9 - 1)?
0
9 + (-2 - -7) + -21
-7
What is the value of -4 + 1 + (-3 - -1 - -2)?
-3
Calculate 15 - 8 - 6 - 7.
-6
What is 10 - (3 + (13 - 3))?
-3
-1 - 4 - (-2 + (5 - 2))
-6
5 + -2 + -2 + -6
-5
What is 2 - 0 - (-15 + 15)?
2
(6 - 11) + (0 - -8) - -2
5
Calculate -8 + 0 - (1 - (0 + 4)).
-5
(4 - 0) + (-1 - 5) + 4
2
-6 - (6 - 4 - 5)
-3
0 - (-5 - 3 - -3) - 0
5
Calculate 0 + 12 + -20 + 4.
-4
Evaluate 4 + (0 - 16) + 6.
-6
Calculate 5 - -2 - (-6 - -9 - 2).
6
What is the value of -2 + 4 - (-1 - (-4 + 5))?
4
Evaluate 0 + -1 + 15 + -3 + -18.
-7
What is 0 - -11 - 6 - (7 + -8)?
6
Calculate 9 + -5 + 8 + -10.
2
Evaluate 11 + 11 + -7 + -10.
5
What is the value of (2 - -2) + -1 - (-17 - -20)?
0
-38 + 46 + (-1 - 0)
7
What is the value of 8 + (-13 - (-10 - -4))?
1
What is the value of 6 + -1 + -1 - 0?
4
Calculate -2 + 2 + 4 + -3 + 4.
5
Evaluate 6 + -2 + -1 + 7 - 9.
1
Calculate (-3 - -10) + -8 + 7 - 7.
-1
Evaluate (3 - -1) + (-11 - -7) + 1.
1
Evaluate 5 - 1 - 3 - -4.
5
What is the value of -5 + 2 + 0 + (-70 - -67)?
-6
What is -1 + 5 + 2 + -5?
1
Calculate -6 + (-2 - -5) - (5 + -6).
-2
Evaluate 2 - (-2 + (5 + -4 - -5)).
-2
Evaluate 4 - (-1 - 6 - (-8 + 2)).
5
What is (-4 - 0) + -4 - (-2 + -1)?
-5
What is (0 + (-2 - 0) - 2) + 2?
-2
Calculate -2 + (-6 - (-6 + -2)).
0
Calculate -1 + (4 - 2) + -1 + 3.
3
What is 21 + 13 + -24 - 7?
3
Evaluate -5 + (-1 + 0 - -3) + 3.
0
What is the value of 0 + -1 - (4 - 6)?
1
What is the value of -6 - (-1 - 0) - -4?
-1
What is the value of 3 + -2 + (-2 - (7 - 4))?
-4
What is the value of 12 + -3 + -19 + 3 + 4?
-3
What is the value of 4 + 2 + -3 - 9?
-6
Calculate -12 + (9 - (6 + 1) - -5).
-5
Evaluate 6 + -5 + 6 + -8.
-1
Calculate -8 + (-15 + 8 - -16).
1
Calculate 1 - -4 - (14 + -6).
-3
What is the value of -3 + 4 - 4 - (-2 - -1)?
-2
Calculate 12 + (6